r when 75 is divided by 42.
33
Calculate the remainder when 447 is divided by 55.
7
What is the remainder when 240 is divided by 122?
118
Calculate the remainder when 379 is divided by 16.
11
What is the remainder when 3821 is divided by 45?
41
Calculate the remainder when 454 is divided by 65.
64
Calculate the remainder when 3929 is divided by 57.
53
What is the remainder when 78 is divided by 8?
6
What is the remainder when 51 is divided by 19?
13
What is the remainder when 41 is divided by 7?
6
Calculate the remainder when 61 is divided by 20.
1
What is the remainder when 10853 is divided by 67?
66
Calculate the remainder when 690 is divided by 168.
18
What is the remainder when 26944 is divided by 17?
16
Calculate the remainder when 290 is divided by 21.
17
What is the remainder when 310 is divided by 6?
4
What is the remainder when 758 is divided by 638?
120
Calculate the remainder when 333 is divided by 146.
41
What is the remainder when 1534 is divided by 154?
148
Calculate the remainder when 131 is divided by 35.
26
Calculate the remainder when 6389 is divided by 17.
14
What is the remainder when 672 is divided by 170?
162
Calculate the remainder when 830 is divided by 168.
158
Calculate the remainder when 1389 is divided by 82.
77
What is the remainder when 250 is divided by 109?
32
Calculate the remainder when 317 is divided by 32.
29
What is the remainder when 83 is divided by 12?
11
What is the remainder when 4133 is divided by 7?
3
What is the remainder when 237 is divided by 113?
11
What is the remainder when 73 is divided by 11?
7
What is the remainder when 478 is divided by 20?
18
Calculate the remainder when 4339 is divided by 4331.
8
What is the remainder when 146 is divided by 21?
20
What is the remainder when 31814 is divided by 9?
8
Calculate the remainder when 113 is divided by 5.
3
What is the remainder when 2620 is divided by 872?
4
Calculate the remainder when 19233 is divided by 12.
9
What is the remainder when 35 is divided by 8?
3
What is the remainder when 4622 is divided by 69?
68
What is the remainder when 4508 is divided by 11?
9
Calculate the remainder when 958 is divided by 10.
8
Calculate the remainder when 216 is divided by 45.
36
Calculate the remainder when 339 is divided by 196.
143
Calculate the remainder when 529 is divided by 3.
1
Calculate the remainder when 372 is divided by 77.
64
What is the remainder when 211 is divided by 46?
27
What is the remainder when 134 is divided by 40?
14
What is the remainder when 322 is divided by 65?
62
What is the remainder when 52 is divided by 9?
7
What is the remainder when 185 is divided by 50?
35
What is the remainder when 11 is divided by 3?
2
Calculate the remainder when 1108 is divided by 74.
72
What is the remainder when 35542 is divided by 17?
12
What is the remainder when 400 is divided by 135?
130
Calculate the remainder when 190 is divided by 61.
7
What is the remainder when 3651 is divided by 21?
18
What is the remainder when 664 is divided by 657?
7
What is the remainder when 7 is divided by 5?
2
Calculate the remainder when 958 is divided by 20.
18
What is the remainder when 241 is divided by 9?
7
What is the remainder when 628 is divided by 30?
28
Calculate the remainder when 2491 is divided by 38.
21
Calculate the remainder when 229 is divided by 137.
92
Calculate the remainder when 130 is divided by 36.
22
Calculate the remainder when 14 is divided by 8.
6
Calculate the remainder when 104 is divided by 18.
14
Calculate the remainder when 7892 is divided by 56.
52
Calculate the remainder when 113 is divided by 16.
1
Calculate the remainder when 96 is divided by 17.
11
What is the remainder when 113 is divided by 9?
5
Calculate the remainder when 974 is divided by 216.
110
What is the remainder when 419 is divided by 172?
75
What is the remainder when 150 is divided by 50?
0
What is the remainder when 507 is divided by 147?
66
Calculate the remainder when 157 is divided by 16.
13
Calculate the remainder when 1350 is divided by 448.
6
Calculate the remainder when 174 is divided by 83.
8
What is the remainder when 276 is divided by 12?
0
Calculate the remainder when 13496 is divided by 300.
296
What is the remainder when 30 is divided by 20?
10
Calculate the remainder when 118 is divided by 24.
22
Calculate the remainder when 175 is divided by 174.
1
Calculate the remainder when 1049 is divided by 348.
5
Calculate the remainder when 229 is divided by 112.
5
Calculate the remainder when 1891 is divided by 106.
89
Calculate the remainder when 145 is divided by 73.
72
Calculate the remainder when 266 is divided by 69.
59
Calculate the remainder when 2691 is divided by 5.
1
What is the remainder when 944 is divided by 189?
188
Calculate the remainder when 5183 is divided by 81.
80
What is the remainder when 275 is divided by 262?
13
What is the remainder when 67 is divided by 10?
7
What is the remainder when 1199 is divided by 40?
39
Calculate the remainder when 731 is divided by 35.
31
What is the remainder when 36 is divided by 35?
1
What is the remainder when 662 is divided by 13?
12
What is the remainder when 738 is divided by 57?
54
Calculate the remainder when 3414 is divided by 180.
174
Calculate the remainder when 1198 is divided by 28.
22
What is the remainder when 658 is divided by 17?
12
Calculate the remainder when 1328 is divided by 7.
5
What is the remainder when 1927 is divided by 161?
156
What is the remainder when 199 is divided by 67?
65
What is the remainder when 210 is divided by 53?
51
What is the remainder when 296 is divided by 35?
16
Calculate the remainder when 63 is divided by 22.
19
What is the remainder when 2528 is divided by 105?
8
Calculate the remainder when 2435 is divided by 271.
267
What is the remainder when 437 is divided by 88?
85
Calculate the remainder when 473 is divided by 83.
58
What is the remainder when 1162 is divided by 64?
10
What is the remainder when 107 is divided by 19?
12
What is the remainder when 108 is divided by 32?
12
Calculate the remainder when 458 is divided by 4.
2
What is the remainder when 2905 is divided by 9?
7
Calculate the remainder when 711 is divided by 14.
11
Calculate the remainder when 2130 is divided by 526.
26
Calculate the remainder when 1630 is divided by 24.
22
What is the remainder when 339 is divided by 31?
29
What is the remainder when 3315 is divided by 158?
155
Calculate the remainder when 593 is divided by 102.
83
Calculate the remainder when 762 is divided by 15.
12
What is the remainder when 212 is divided by 45?
32
Calculate the remainder when 5608 is divided by 13.
5
Calculate the remainder when 35 is divided by 9.
8
Calculate the remainder when 3055 is divided by 2.
1
Calculate the remainder when 116 is divided by 12.
8
What is the remainder when 774 is divided by 25?
24
What is the remainder when 120 is divided by 117?
3
Calculate the remainder when 38 is divided by 16.
6
What is the remainder when 186 is divided by 34?
16
What is the remainder when 132 is divided by 35?
27
What is the remainder when 112 is divided by 19?
17
Calculate the remainder when 58 is divided by 6.
4
Calculate the remainder when 370 is divided by 41.
1
What is the remainder when 26 is divided by 19?
7
Calculate the remainder when 306 is divided by 99.
9
What is the remainder when 1630 is divided by 17?
15
Calculate the remainder when 414 is divided by 205.
4
Calculate the remainder when 376 is divided by 344.
32
What is the remainder when 1047 is divided by 320?
87
What is the remainder when 267 is divided by 18?
15
Calculate the remainder when 1964 is divided by 51.
26
Calculate the remainder when 2894 is divided by 18.
14
Calculate the remainder when 267 is divided by 129.
9
What is the remainder when 1969 is divided by 638?
55
What is the remainder when 304 is divided by 14?
10
What is the remainder when 291 is divided by 72?
3
What is the remainder when 656 is divided by 73?
72
What is the remainder when 70 is divided by 22?
4
What is the remainder when 8028 is divided by 67?
55
What is the remainder when 5134 is divided by 1710?
4
Calculate the remainder when 65 is divided by 10.
5
Calculate the remainder when 763 is divided by 48.
43
What is the remainder when 480 is divided by 36?
1